0. Let u(f) = f**2 - 11. What is u(m)?
-11
Let w(z) = -z**2 - z + 4. Let r = 1925 - 1923. What is w(r)?
-2
Let m(k) = -2*k. Let d(q) = q + 25. Let x(c) = -d(c) + m(c). Give x(-7).
-4
Let p(t) = t. Let u(v) be the third derivative of v**4/12 - 2*v**3 - 6*v**2. Let n be u(4). Determine p(n).
-4
Let z(y) = 2*y**3 + 3*y**2 - 2. Suppose 0 - 14 = p. Let v = 21 + p. Suppose 3*u + 7 = r, -u - v = 2*r - 0*u. Determine z(r).
-6
Let k(q) be the third derivative of -q**5/60 + q**4/24 + q**3 - q**2. Suppose 0 = -2*m - 2*b + 22, 3*m = -0*m + 5*b + 25. Let p be (-39)/65 + 6/m. Give k(p).
6
Let u(c) = -13*c**3 + c - 1. Suppose 5*r + s - 23 + 16 = 0, 0 = 4*r + s - 6. Determine u(r).
-13
Let y = -667 + 668. Suppose 2 = 3*z - 2*z - 5*f, -2*z + 4 = -2*f. Let o(g) = -g. Let t(v) = -v**2 + v - 4. Let j(k) = y*t(k) + z*o(k). What is j(0)?
-4
Suppose f = 3*f - 4. Let m(n) = 16*n + 2 - 4 + n**3 - 4*n**2 - 13*n. Calculate m(f).
-4
Suppose -4*g + 4 = -0. Let h(j) = j**3 - j - 1. Give h(g).
-1
Let r(t) = -t**3 + 7*t**2 + 8. Suppose 23 = 57*k - 53*k - y, 0 = -5*k - y + 40. What is r(k)?
8
Let i(o) = o**3 - 7*o**2 - 8*o - 5. Suppose 0 = -4*a + 44 - 36. Suppose 3*d - d + 28 = 4*b, 0 = -4*b - a*d + 36. Determine i(b).
-5
Suppose 2*k = -k + 2*d + 48, -4*k + 5*d = -57. Let g be k/12*(-24)/9. Let s(z) = -z**3 - 3*z**2 + 4*z - 3. What is s(g)?
-3
Let t(m) = -7*m**2 + 7*m - 7. Let x(i) = 31*i**2 - 27*i + 28. Let h(z) = -9*t(z) - 2*x(z). Calculate h(9).
7
Let g(c) = c. Let t(d) = -3*d**2 - 30*d - 20. Let j be t(-9). Calculate g(j).
7
Let u(g) = -14*g**2. Let i = 141 - 140. What is u(i)?
-14
Let h(j) be the second derivative of -j**4/12 + 3*j**2/2 - 440*j. Give h(-1).
2
Let b(o) = -o**3 + 5*o**2 - 7*o + 5. Let u be 5/(-10) + (-130)/(-4). Suppose -5*r = -4*w - u, w = -4 + 1. What is b(r)?
-7
Let t(x) = 13*x + 6. Let m(p) = -36*p - 16. Let i(h) = -4*m(h) - 11*t(h). Calculate i(-6).
-8
Suppose 4*m = 5*m - 5. Suppose -4*h + 737 = m*y, h - 2*y - 2*y = 200. Let w(p) = -h + 188 + p. Calculate w(6).
6
Let b(o) = 5 - o**2 + 0*o**2 - 4 + 6*o**3. Suppose -3*i = -6*i. Suppose 4*r + 2*t + 14 = i, -4*r = -5*r + 5*t + 24. What is b(r)?
-6
Let u(x) = x - 5. Let t(z) = -z**3 - 10*z**2 + 3*z + 8. Let v be t(-11). Let r = v + -92. Determine u(r).
-1
Let k(m) = -2*m**2 - 31*m**2 + 3*m + 15*m + 33*m**2 - 3*m**2 - 10. What is k(5)?
5
Let l(f) be the third derivative of f**6/120 + f**5/30 - f**4/8 - f**2. Suppose -59*c - 16 = -61*c. Let b be (-6 - (-46)/c) + 22/(-8). What is l(b)?
0
Let h(d) = 2*d + 2. Let u(o) = o - 1. Let l be -1 - (0 - 8) - -1. Let n(i) = i**2 - 7*i - 5. Let x be n(l). Let a(v) = x*u(v) - h(v). What is a(-4)?
-9
Let z(s) = -3*s**3 + 8*s**2 - 12*s + 13. Let c(l) be the first derivative of -l**4 + 4*l**3 - 9*l**2 + 19*l - 2. Let a(n) = 5*c(n) - 7*z(n). Give a(-5).
9
Let m(x) = x**3 - 5*x**2 - 8*x + 4. Let z = 67 - 61. Calculate m(z).
-8
Let p(l) = 6*l**2 + 2*l + 1. Let u(k) = -5*k + 9. Let b be u(0). Suppose -6*d = -b*d - 3. Determine p(d).
5
Let t(f) = f - 4. Suppose -10*p + 6*p = -16. Let g be (3/p)/(-2*(-1)/(-16)). Determine t(g).
-10
Let y(j) = -3*j. Let u = 4 - 3. Let q(r) = -3*r**3 - r. Let k(b) = -10*b**3 - 3*b. Let l(z) = -2*k(z) + 7*q(z). Let f be l(u). Determine y(f).
6
Let j(f) = -3*f**3 - 13*f**2 - 14*f + 3. Let i(o) = 2*o**3 + 7*o**2 + 7*o - 2. Let q(x) = 5*i(x) + 3*j(x). Let b = 17 + -12. Calculate q(b).
-11
Let l(m) = -m**2 - 11*m - 11. Suppose -2*v + 8 = 0, d - 3*v + 5*v - 3 = 0. Let k(s) = s**2 + 12*s + 12. Let q(n) = d*k(n) - 6*l(n). Determine q(-6).
6
Let d(n) = -n - 1. Let c(i) = i**2 - 4*i + 8. Let w(b) = -c(b) - 2*d(b). Let z be w(5). Let q(f) = 0*f**3 - 5*f**3 - f**2 - 2*f**3. What is q(z)?
6
Let w(m) be the third derivative of 3*m**4/4 - m**3/3 - 334*m**2. Calculate w(-1).
-20
Suppose 6*t + 106 = 82. Let k(z) be the third derivative of z**6/120 + z**5/12 + z**4/4 + 2*z**3/3 + 2*z**2. Calculate k(t).
-4
Suppose 0 = 27*p - 19*p - 80. Let u(r) = -r**2 + 13*r + 1. Give u(p).
31
Let f be -4*(1/(-2) - 1). Suppose -f = -c - 1. Let d(g) = -2*g**2 + 1 + 6*g**2 - 5*g**2 + 1 + c*g. Determine d(4).
6
Suppose -2*a + 3 = -u - 0*a, -u - 5*a = -11. Let k(t) be the first derivative of -2*t**2 + 451. Determine k(u).
-4
Let g(u) be the second derivative of -u**7/2520 - u**5/120 + 11*u**4/12 + 3*u. Let i(s) be the third derivative of g(s). Give i(-3).
-10
Let y(g) = g**2 + 14*g + 44. Let t be y(-4). Let p(m) = m**2 - 2*m + 1. Calculate p(t).
9
Let o(b) = -2*b**2 + 12*b - 4. Let v(u) = u**2 - 5*u + 2. Let p(t) = 3*o(t) + 7*v(t). What is p(-3)?
8
Let s(w) = w - 6. Let a = -62 - -65. Let d be s(a). Let g(n) = 5*n - 2*n - 1 + 2. What is g(d)?
-8
Suppose 6*d + 83 + 49 = 0. Let q = d + -1. Let c = q + 19. Let f(l) = -l**3 - 5*l**2 - 3*l. Give f(c).
-4
Let b(y) be the first derivative of 5*y**2/2 + y + 5. Suppose 2*p - r - 2 = -3*p, 2*p - 8 = -2*r. Calculate b(p).
6
Let p(x) = -x**3 + x**2 + x - 1. Let o = -150 + 153. Determine p(o).
-16
Let t(v) = -v - 1. Let p = -1714 + 1704. What is t(p)?
9
Let w(y) = 12*y**2 - y + 10. Let h(b) = -8*b**2 + b - 7. Let n(j) = -7*h(j) - 5*w(j). Determine n(-2).
-13
Let o(c) = -2*c - 8. Let v(t) = t - 2. Let m be v(2). Suppose m = -3*x - 2*y + 7, 27 = 3*x - 4*y + y. Suppose -5*s = 0, -6 = -z - 3*s + x*s. Determine o(z).
-20
Let m(c) be the third derivative of c**5/60 + 5*c**4/24 - 7*c**3/6 + 8*c**2 + c. Determine m(-7).
7
Let d = -1159/8 + 145. Let i(r) be the third derivative of -1/2*r**3 + 0*r + 0 - 1/20*r**5 + 3*r**2 - 1/60*r**6 - d*r**4. Calculate i(-2).
7
Let c be 1*(-4*2/(-8) + 4). Let v(r) = 4 + 28*r**2 - 3 + c*r - 3*r. Calculate v(-1).
27
Let b(m) = -m - 4*m + 3*m + m - 4. Let z(c) = 2 + 4*c**2 - 3*c + 0 - 2 - c**3 - 2. Let f be z(3). Calculate b(f).
-2
Let b(c) = c**3 + 1. Let n(w) be the second derivative of 13*w**5/20 + w**4/6 + w**3/6 + 5*w**2/2 + 3*w. Let h(g) = -5*b(g) + n(g). Calculate h(-1).
-7
Let l(x) = x**3 - 5*x - 1. Let z be l(2). Let o(k) = -k**2 + 5*k + 3. Give o(z).
-21
Suppose 0 = -3*b - 2*y - y - 3, 2*y - 10 = 0. Let m(l) = -13*l - 94 + 14*l + 102. Determine m(b).
2
Suppose 0 = 6*r + 16 - 10. Let c(x) = -43*x**2 - x. Calculate c(r).
-42
Let j(z) = 6 + z**2 + 4 - 4 - 2*z. Suppose -289*n - 189 - 316 = -390*n. Determine j(n).
21
Let w(n) be the third derivative of n**5/60 - n**4/8 + 5*n**3/6 + 72*n**2. Calculate w(5).
15
Let y(u) = -u**3 - 18*u**2 - 5. Suppose 3*t = 3*c + 60, -5*c + 2*t + 23 = 117. What is y(c)?
-5
Let l(y) = 25*y. Let m(c) = -c. Let h(s) = l(s) + 30*m(s). Let f be ((4/(-12))/1)/(3/27). What is h(f)?
15
Let f(b) be the third derivative of -b**4/12 + 11*b**3/6 - 3*b**2 + 31*b. What is f(7)?
-3
Suppose 0*k - 3*z = 5*k - 22, 5*k - 2*z = 27. Let x(b) = 5*b**2 - 2*b + 1. Let o(j) = -17*j**2 + 6*j - 6. Let y(q) = 2*o(q) + 7*x(q). Determine y(k).
10
Let h(a) be the third derivative of 7/60*a**5 + 0 - 5/3*a**3 - 9*a**2 - 1/12*a**4 + 1/120*a**6 + 0*a. What is h(-7)?
4
Let d be 3*(-5 - -3)*(-2)/(-4). Let c(r) = -r**3 - 3*r**2 - 3*r - 2. Calculate c(d).
7
Let n(j) be the third derivative of -j**5/20 + j**4/12 + j**3/6 + 2*j**2 + 41. Let l be (2/(-3))/((-2)/(-24)). Let h = -6 - l. Give n(h).
-7
Let v(a) = 2*a**2 + 2. Let h(y) be the third derivative of y**6/120 - y**5/10 + y**4/24 - 4*y**3/3 - 16*y**2. Let t be h(6). Determine v(t).
10
Suppose r - 1 = -p, -3*r + 10 = -5*p + 39. Let u(k) = -p*k + 5*k - 2 - 6*k. Let q(o) = o + 1. Let c(a) = -4*q(a) - u(a). Give c(3).
1
Let f(z) be the second derivative of -z**5/20 - 17*z**4/12 + 17*z**3/6 - 7*z**2 - 608*z. Give f(-18).
4
Let w(d) = -6 + 6*d - 5*d**2 - 5*d + 3*d - d**3. Let j(s) = -s**2 - 18*s + 2. Let b be j(-16). Suppose b = -5*l + 2*t, 0 = -l - 2*l + 5*t - 28. Determine w(l).
6
Let f(x) be the third derivative of 1/3*x**3 - 1/24*x**4 + 0 + 0*x + 1/60*x**5 + x**2. Suppose 3*o = 4*v + 8, -5*v = -5*o - 0*v + 10. Calculate f(o).
2
Let k(r) be the third derivative of 3/20*r**5 - 5/12*r**4 + 5/3*r**3 + 0*r + 0 + 38*r**2 - 1/120*r**6. Calculate k(8).
-6
Let n(g) be the third derivative of 0*g + 1/2*g**3 - g**2 + 0 + 1/60*g**5 + 1/8*g**4. Let l(i) = -2*i + 24. Let u be l(14). Calculate n(u).
7
Let u = 2 + 12. Let d = -10 + u. Let c(i) = 6*i + d + i**2 + 4 - 2 - 2. Calculate c(-5).
-1
Let u(g) = -g**2 + 5*g - 5. Let h be ((-8)/(-20))/((-1)/(-30)). Suppose 4*f = 4*x - h, 0 = x - 2*f -